{"id":453,"date":"2017-03-24T17:45:16","date_gmt":"2017-03-24T17:45:16","guid":{"rendered":"http:\/\/www.transportesazuay.com\/?page_id=453"},"modified":"2017-04-21T04:02:21","modified_gmt":"2017-04-21T04:02:21","slug":"servicios","status":"publish","type":"page","link":"http:\/\/www.transportesazuay.com\/?page_id=453","title":{"rendered":"SERVICIOS"},"content":{"rendered":"<h2>ENCOMIENDAS<\/h2>\n<p>Llevamos todo tipo de encomientas hacia el Sur del Ecuador cada media hora&nbsp;(Y viceversa), garantizando su llegada y cumplimiento en el Horario. Entregas en cualquiera de nuestras oficinas. Envios hasta 50 kilos.<\/p>\n<p><a href=\"http:\/\/www.transportesazuay.com\/?page_id=30\">Consulte la m\u00e1s cercana, click aqu\u00ed<\/a><\/p>\n<p><a href=\"http:\/\/www.transportesazuay.com\/wp-content\/uploads\/2017\/03\/ENCOMENIEDAS.png\"><img loading=\"lazy\" class=\"alignnone size-full wp-image-552\" src=\"http:\/\/www.transportesazuay.com\/wp-content\/uploads\/2017\/03\/ENCOMENIEDAS.png\" alt=\"\" width=\"738\" height=\"462\" srcset=\"http:\/\/www.transportesazuay.com\/wp-content\/uploads\/2017\/03\/ENCOMENIEDAS.png 738w, http:\/\/www.transportesazuay.com\/wp-content\/uploads\/2017\/03\/ENCOMENIEDAS-300x188.png 300w\" sizes=\"(max-width: 738px) 100vw, 738px\" \/><\/a><\/p>\n<p>&nbsp;<\/p>\n<hr \/>\n<h2>SERVICIO INTERNACIONAL<\/h2>\n<p>Nos destacamos por llevarle a su destino con la mejor comodidad y tranquilidad, destino Internacional hacia el vecino pa\u00eds del Per\u00fa (Zorrito, Punta Sal, M\u00e1ncora, Piura, Chiclayo, con trasnferencias hacia Machu Pichu) y m\u00e1s.<\/p>\n<p><a href=\"http:\/\/www.transportesazuay.com\/?page_id=30\">Consultes nuestros horarios de salidas, click aqu\u00ed.<\/a><\/p>\n<p><a href=\"http:\/\/www.transportesazuay.com\/wp-content\/uploads\/2014\/04\/cajamarcaperu.png\"><img loading=\"lazy\" class=\"alignnone wp-image-210\" src=\"http:\/\/www.transportesazuay.com\/wp-content\/uploads\/2014\/04\/cajamarcaperu.png\" alt=\"\" width=\"752\" height=\"515\"\/><\/a><\/p>\n<hr \/>\n<h2>TURISMO<\/h2>\n<p>Realizamos turismo contrado y le llevamos al lugar que desee, no tenemos limite llegamos a todos los rincones con el mejor servicio.<\/p>\n<p><a href=\"http:\/\/www.transportesazuay.com\/?page_id=148\">Visite Ecuador con el mejor servicio y comodidad, conozca los diferentes destinos, click aqu\u00ed<\/a><\/p>\n<p><a href=\"http:\/\/www.transportesazuay.com\/wp-content\/uploads\/2014\/04\/nariz_diablo_a.gif\"><img loading=\"lazy\" class=\"alignnone wp-image-181\" src=\"http:\/\/www.transportesazuay.com\/wp-content\/uploads\/2014\/04\/nariz_diablo_a.gif\" alt=\"\" width=\"732\" height=\"324\"\/><\/a><\/p>\n<p><span style=\"border-radius: 2px; text-indent: 20px; width: auto; padding: 0px 4px 0px 0px; text-align: center; font: bold 11px\/20px 'Helvetica Neue',Helvetica,sans-serif; color: #ffffff; background: #bd081c no-repeat scroll 3px 50% \/ 14px 14px; position: absolute; opacity: 1; z-index: 8675309; display: none; cursor: pointer;\">Guardar<\/span><\/p>\n<p><span style=\"border-radius: 2px; text-indent: 20px; width: auto; padding: 0px 4px 0px 0px; text-align: center; font: bold 11px\/20px 'Helvetica Neue',Helvetica,sans-serif; color: #ffffff; background: #bd081c no-repeat scroll 3px 50% \/ 14px 14px; position: absolute; opacity: 1; z-index: 8675309; display: none; cursor: pointer; top: 200px; left: 20px;\">Guardar<\/span><\/p>\n<p><span style=\"border-radius: 2px; text-indent: 20px; width: auto; padding: 0px 4px 0px 0px; text-align: center; font: bold 11px\/20px 'Helvetica Neue',Helvetica,sans-serif; color: #ffffff; background: #bd081c no-repeat scroll 3px 50% \/ 14px 14px; position: absolute; opacity: 1; z-index: 8675309; display: none; cursor: pointer; top: 886px; left: 20px;\">Guardar<\/span><\/p>\n<p><span style=\"border-radius: 2px; text-indent: 20px; width: auto; padding: 0px 4px 0px 0px; text-align: center; font: bold 11px\/20px 'Helvetica Neue',Helvetica,sans-serif; color: #ffffff; background: #bd081c no-repeat scroll 3px 50% \/ 14px 14px; position: absolute; opacity: 1; z-index: 8675309; display: none; cursor: pointer; top: 906px; left: 20px;\">Guardar<\/span><\/p>\n<div style=\"clear:both\"><\/div>","protected":false},"excerpt":{"rendered":"<p>ENCOMIENDAS Llevamos todo tipo de encomientas hacia el Sur del Ecuador cada media hora&nbsp;(Y viceversa), garantizando su llegada y cumplimiento en el Horario. Entregas en cualquiera de nuestras oficinas. Envios hasta 50 kilos. Consulte la m\u00e1s cercana, click aqu\u00ed &nbsp; SERVICIO INTERNACIONAL Nos destacamos por llevarle a su destino con la mejor comodidad y tranquilidad,&hellip;<\/p>\n","protected":false},"author":1,"featured_media":0,"parent":0,"menu_order":0,"comment_status":"closed","ping_status":"closed","template":"","meta":{"ngg_post_thumbnail":0},"_links":{"self":[{"href":"http:\/\/www.transportesazuay.com\/index.php?rest_route=\/wp\/v2\/pages\/453"}],"collection":[{"href":"http:\/\/www.transportesazuay.com\/index.php?rest_route=\/wp\/v2\/pages"}],"about":[{"href":"http:\/\/www.transportesazuay.com\/index.php?rest_route=\/wp\/v2\/types\/page"}],"author":[{"embeddable":true,"href":"http:\/\/www.transportesazuay.com\/index.php?rest_route=\/wp\/v2\/users\/1"}],"replies":[{"embeddable":true,"href":"http:\/\/www.transportesazuay.com\/index.php?rest_route=%2Fwp%2Fv2%2Fcomments&post=453"}],"version-history":[{"count":8,"href":"http:\/\/www.transportesazuay.com\/index.php?rest_route=\/wp\/v2\/pages\/453\/revisions"}],"predecessor-version":[{"id":583,"href":"http:\/\/www.transportesazuay.com\/index.php?rest_route=\/wp\/v2\/pages\/453\/revisions\/583"}],"wp:attachment":[{"href":"http:\/\/www.transportesazuay.com\/index.php?rest_route=%2Fwp%2Fv2%2Fmedia&parent=453"}],"curies":[{"name":"wp","href":"https:\/\/api.w.org\/{rel}","templated":true}]}}